{"id":126,"date":"2023-02-09T12:26:15","date_gmt":"2023-02-09T11:26:15","guid":{"rendered":"https:\/\/auxvieuxfours.com\/?page_id=126"},"modified":"2025-03-27T15:04:20","modified_gmt":"2025-03-27T14:04:20","slug":"la-chambres-2-personnes","status":"publish","type":"page","link":"https:\/\/auxvieuxfours.com\/?page_id=126","title":{"rendered":"La chambres 2 personnes"},"content":{"rendered":"\t\t<div data-elementor-type=\"wp-page\" data-elementor-id=\"126\" class=\"elementor elementor-126\">\n\t\t\t\t\t\t\t\t\t<section class=\"elementor-section elementor-top-section elementor-element elementor-element-e0f786f elementor-section-boxed elementor-section-height-default elementor-section-height-default\" data-id=\"e0f786f\" data-element_type=\"section\">\n\t\t\t\t\t\t<div class=\"elementor-container elementor-column-gap-default\">\n\t\t\t\t\t<div class=\"elementor-column elementor-col-100 elementor-top-column elementor-element elementor-element-7b92809\" data-id=\"7b92809\" data-element_type=\"column\">\n\t\t\t<div class=\"elementor-widget-wrap elementor-element-populated\">\n\t\t\t\t\t\t\t\t<div class=\"elementor-element elementor-element-b9a2993 elementor-widget elementor-widget-heading\" data-id=\"b9a2993\" data-element_type=\"widget\" data-widget_type=\"heading.default\">\n\t\t\t\t<div class=\"elementor-widget-container\">\n\t\t\t<style>\/*! elementor - v3.8.1 - 13-11-2022 *\/\n.elementor-heading-title{padding:0;margin:0;line-height:1}.elementor-widget-heading .elementor-heading-title[class*=elementor-size-]>a{color:inherit;font-size:inherit;line-height:inherit}.elementor-widget-heading .elementor-heading-title.elementor-size-small{font-size:15px}.elementor-widget-heading .elementor-heading-title.elementor-size-medium{font-size:19px}.elementor-widget-heading .elementor-heading-title.elementor-size-large{font-size:29px}.elementor-widget-heading .elementor-heading-title.elementor-size-xl{font-size:39px}.elementor-widget-heading .elementor-heading-title.elementor-size-xxl{font-size:59px}<\/style><h2 class=\"elementor-heading-title elementor-size-default\">La chambres d'h\u00f4tes pour 2 personnes<\/h2>\t\t<\/div>\n\t\t\t\t<\/div>\n\t\t\t\t\t<\/div>\n\t\t<\/div>\n\t\t\t\t\t\t\t<\/div>\n\t\t<\/section>\n\t\t\t\t<section class=\"elementor-section elementor-top-section elementor-element elementor-element-7213bb3 elementor-section-boxed elementor-section-height-default elementor-section-height-default\" data-id=\"7213bb3\" data-element_type=\"section\">\n\t\t\t\t\t\t<div class=\"elementor-container elementor-column-gap-default\">\n\t\t\t\t\t<div class=\"elementor-column elementor-col-100 elementor-top-column elementor-element elementor-element-1f5ff27\" data-id=\"1f5ff27\" data-element_type=\"column\">\n\t\t\t<div class=\"elementor-widget-wrap elementor-element-populated\">\n\t\t\t\t\t\t\t\t<div class=\"elementor-element elementor-element-f92b312 elementor-widget elementor-widget-text-editor\" data-id=\"f92b312\" data-element_type=\"widget\" data-widget_type=\"text-editor.default\">\n\t\t\t\t<div class=\"elementor-widget-container\">\n\t\t\t<style>\/*! elementor - v3.8.1 - 13-11-2022 *\/\n.elementor-widget-text-editor.elementor-drop-cap-view-stacked .elementor-drop-cap{background-color:#818a91;color:#fff}.elementor-widget-text-editor.elementor-drop-cap-view-framed .elementor-drop-cap{color:#818a91;border:3px solid;background-color:transparent}.elementor-widget-text-editor:not(.elementor-drop-cap-view-default) .elementor-drop-cap{margin-top:8px}.elementor-widget-text-editor:not(.elementor-drop-cap-view-default) .elementor-drop-cap-letter{width:1em;height:1em}.elementor-widget-text-editor .elementor-drop-cap{float:left;text-align:center;line-height:1;font-size:50px}.elementor-widget-text-editor .elementor-drop-cap-letter{display:inline-block}<\/style>\t\t\t\t<p>Vous acc\u00e9derez \u00e0 la chambre par une entr\u00e9e qui donne directement acc\u00e8s \u00e0 l&rsquo;escalier desservant la chambre et la suite. Vous pourrez donc aller et venir \u00e0 votre aise. La chambre de 22 m2\u00a0 dispose\u00a0 de sa propre salle d&rsquo;eau \u00e9quip\u00e9e d&rsquo;une douche, d&rsquo;un meuble vasque et des WC (s\u00e9che cheveux disponible).\u00a0\u00a0<span style=\"font-style: inherit; font-weight: inherit; color: var( --e-global-color-text ); font-family: var( --e-global-typography-text-font-family ), Sans-serif; background-color: var(--ast-global-color-5);\">La chambre est \u00e9quip\u00e9e d&rsquo;un lit pour deux personnes, d&rsquo;une armoire penderie, d&rsquo;une t\u00e9l\u00e9vision. Un plateau bouilloire avec th\u00e9, tisane et caf\u00e9 soluble est mis \u00e0 disposition.<\/span><\/p><p><span style=\"font-style: inherit; font-weight: inherit; color: var( --e-global-color-text ); font-family: var( --e-global-typography-text-font-family ), Sans-serif; background-color: var(--ast-global-color-5);\">L&rsquo;acc\u00e8s au Wifi est gratuit. Vous stationnerez \u00e0 quelques m\u00eatres de la porte d&rsquo;entr\u00e9e. Vos v\u00e9los, vos motos pourront \u00eatre mis \u00e0 l&rsquo;abri.<\/span><\/p><p><span style=\"font-style: inherit; font-weight: inherit; color: var( --e-global-color-text ); font-family: var( --e-global-typography-text-font-family ), Sans-serif; background-color: var(--ast-global-color-5);\">Vous aurez la vue sur le jardin et les pr\u00e9s bois\u00e9s ou s\u00e9journeront peut-\u00eatre mes chevaux. Une terrasse est mis \u00e0 votre disposition.\u00a0<\/span><\/p><p><span style=\"font-style: inherit; font-weight: inherit; color: var( --e-global-color-text ); font-family: var( --e-global-typography-text-font-family ), Sans-serif; background-color: var(--ast-global-color-5);\">Si vous le souhaitez vous pouvez avoir acc\u00e8s \u00e0 un micro-onde et \u00e0 une plaque de cuisson.\u00a0<\/span><\/p><p>Si vous avez du linge \u00e0 laver, un lave linge peut \u00eatre mis \u00e0 disposition sur demande ainsi qu&rsquo;une table et un fer \u00e0 repasser.<\/p><p>Le tarif comprend les petits d\u00e9jeuners qui peuvent \u00eatre compos\u00e9s de caf\u00e9, th\u00e9, fruits, yahourts maison, patisseries maison, pain, confitures maison&#8230;<\/p><p>Vous trouverez les tarifs en bas de la page.<\/p>\t\t\t\t\t\t<\/div>\n\t\t\t\t<\/div>\n\t\t\t\t\t<\/div>\n\t\t<\/div>\n\t\t\t\t\t\t\t<\/div>\n\t\t<\/section>\n\t\t\t\t<section class=\"elementor-section elementor-top-section elementor-element elementor-element-ea096f5 elementor-section-boxed elementor-section-height-default elementor-section-height-default\" data-id=\"ea096f5\" data-element_type=\"section\">\n\t\t\t\t\t\t<div class=\"elementor-container elementor-column-gap-default\">\n\t\t\t\t\t<div class=\"elementor-column elementor-col-100 elementor-top-column elementor-element elementor-element-6734b19\" data-id=\"6734b19\" data-element_type=\"column\">\n\t\t\t<div class=\"elementor-widget-wrap elementor-element-populated\">\n\t\t\t\t\t\t\t\t<div class=\"elementor-element elementor-element-8dfc1b2 elementor-widget elementor-widget-text-editor\" data-id=\"8dfc1b2\" data-element_type=\"widget\" data-widget_type=\"text-editor.default\">\n\t\t\t\t<div class=\"elementor-widget-container\">\n\t\t\t\t\t\t\t\t\t\t\t\t\t<\/div>\n\t\t\t\t<\/div>\n\t\t\t\t\t<\/div>\n\t\t<\/div>\n\t\t\t\t\t\t\t<\/div>\n\t\t<\/section>\n\t\t\t\t<section class=\"elementor-section elementor-top-section elementor-element elementor-element-ef900f9 elementor-section-boxed elementor-section-height-default elementor-section-height-default\" data-id=\"ef900f9\" data-element_type=\"section\">\n\t\t\t\t\t\t<div class=\"elementor-container elementor-column-gap-default\">\n\t\t\t\t\t<div class=\"elementor-column elementor-col-33 elementor-top-column elementor-element elementor-element-eff15c8\" data-id=\"eff15c8\" data-element_type=\"column\">\n\t\t\t<div class=\"elementor-widget-wrap elementor-element-populated\">\n\t\t\t\t\t\t\t\t<div class=\"elementor-element elementor-element-ab1afc3 elementor-widget elementor-widget-image\" data-id=\"ab1afc3\" data-element_type=\"widget\" data-widget_type=\"image.default\">\n\t\t\t\t<div class=\"elementor-widget-container\">\n\t\t\t<style>\/*! elementor - v3.8.1 - 13-11-2022 *\/\n.elementor-widget-image{text-align:center}.elementor-widget-image a{display:inline-block}.elementor-widget-image a img[src$=\".svg\"]{width:48px}.elementor-widget-image img{vertical-align:middle;display:inline-block}<\/style>\t\t\t\t\t\t\t\t\t\t\t\t<img loading=\"lazy\" decoding=\"async\" width=\"768\" height=\"1024\" src=\"https:\/\/auxvieuxfours.com\/wp-content\/uploads\/2023\/02\/la-chambre-1-768x1024.jpg\" class=\"attachment-large size-large\" alt=\"\" srcset=\"https:\/\/auxvieuxfours.com\/wp-content\/uploads\/2023\/02\/la-chambre-1-768x1024.jpg 768w, https:\/\/auxvieuxfours.com\/wp-content\/uploads\/2023\/02\/la-chambre-1-225x300.jpg 225w, https:\/\/auxvieuxfours.com\/wp-content\/uploads\/2023\/02\/la-chambre-1-1152x1536.jpg 1152w, https:\/\/auxvieuxfours.com\/wp-content\/uploads\/2023\/02\/la-chambre-1-1536x2048.jpg 1536w, https:\/\/auxvieuxfours.com\/wp-content\/uploads\/2023\/02\/la-chambre-1-scaled.jpg 1920w\" sizes=\"auto, (max-width: 768px) 100vw, 768px\" \/>\t\t\t\t\t\t\t\t\t\t\t\t\t\t\t<\/div>\n\t\t\t\t<\/div>\n\t\t\t\t\t<\/div>\n\t\t<\/div>\n\t\t\t\t<div class=\"elementor-column elementor-col-33 elementor-top-column elementor-element elementor-element-043c3f4\" data-id=\"043c3f4\" data-element_type=\"column\">\n\t\t\t<div class=\"elementor-widget-wrap elementor-element-populated\">\n\t\t\t\t\t\t\t\t<div class=\"elementor-element elementor-element-21f0065 elementor-widget elementor-widget-image\" data-id=\"21f0065\" data-element_type=\"widget\" data-widget_type=\"image.default\">\n\t\t\t\t<div class=\"elementor-widget-container\">\n\t\t\t\t\t\t\t\t\t\t\t\t<figure class=\"wp-caption\">\n\t\t\t\t\t\t\t\t\t\t<img loading=\"lazy\" decoding=\"async\" width=\"1024\" height=\"768\" src=\"https:\/\/auxvieuxfours.com\/wp-content\/uploads\/2023\/02\/A-gauche-la-salle-deau.-A-droite-larmoire-penderie-1024x768.jpg\" class=\"attachment-large size-large\" alt=\"\" srcset=\"https:\/\/auxvieuxfours.com\/wp-content\/uploads\/2023\/02\/A-gauche-la-salle-deau.-A-droite-larmoire-penderie-1024x768.jpg 1024w, https:\/\/auxvieuxfours.com\/wp-content\/uploads\/2023\/02\/A-gauche-la-salle-deau.-A-droite-larmoire-penderie-300x225.jpg 300w, https:\/\/auxvieuxfours.com\/wp-content\/uploads\/2023\/02\/A-gauche-la-salle-deau.-A-droite-larmoire-penderie-768x576.jpg 768w, https:\/\/auxvieuxfours.com\/wp-content\/uploads\/2023\/02\/A-gauche-la-salle-deau.-A-droite-larmoire-penderie-1536x1152.jpg 1536w, https:\/\/auxvieuxfours.com\/wp-content\/uploads\/2023\/02\/A-gauche-la-salle-deau.-A-droite-larmoire-penderie-2048x1536.jpg 2048w\" sizes=\"auto, (max-width: 1024px) 100vw, 1024px\" \/>\t\t\t\t\t\t\t\t\t\t\t<figcaption class=\"widget-image-caption wp-caption-text\">A gauche du lit la salle d'eau et \u00e0 droite l'armoire penderie<\/figcaption>\n\t\t\t\t\t\t\t\t\t\t<\/figure>\n\t\t\t\t\t\t\t\t\t<\/div>\n\t\t\t\t<\/div>\n\t\t\t\t\t<\/div>\n\t\t<\/div>\n\t\t\t\t<div class=\"elementor-column elementor-col-33 elementor-top-column elementor-element elementor-element-2eb4e58\" data-id=\"2eb4e58\" data-element_type=\"column\">\n\t\t\t<div class=\"elementor-widget-wrap elementor-element-populated\">\n\t\t\t\t\t\t\t\t<div class=\"elementor-element elementor-element-219e9d9 elementor-widget elementor-widget-image\" data-id=\"219e9d9\" data-element_type=\"widget\" data-widget_type=\"image.default\">\n\t\t\t\t<div class=\"elementor-widget-container\">\n\t\t\t\t\t\t\t\t\t\t\t\t\t\t\t<img loading=\"lazy\" decoding=\"async\" width=\"1024\" height=\"768\" src=\"https:\/\/auxvieuxfours.com\/wp-content\/uploads\/2023\/02\/Television-1-1024x768.jpg\" class=\"attachment-large size-large\" alt=\"\" srcset=\"https:\/\/auxvieuxfours.com\/wp-content\/uploads\/2023\/02\/Television-1-1024x768.jpg 1024w, https:\/\/auxvieuxfours.com\/wp-content\/uploads\/2023\/02\/Television-1-300x225.jpg 300w, https:\/\/auxvieuxfours.com\/wp-content\/uploads\/2023\/02\/Television-1-768x576.jpg 768w, https:\/\/auxvieuxfours.com\/wp-content\/uploads\/2023\/02\/Television-1-1536x1152.jpg 1536w, https:\/\/auxvieuxfours.com\/wp-content\/uploads\/2023\/02\/Television-1-2048x1536.jpg 2048w\" sizes=\"auto, (max-width: 1024px) 100vw, 1024px\" \/>\t\t\t\t\t\t\t\t\t\t\t\t\t\t\t<\/div>\n\t\t\t\t<\/div>\n\t\t\t\t\t<\/div>\n\t\t<\/div>\n\t\t\t\t\t\t\t<\/div>\n\t\t<\/section>\n\t\t\t\t<section class=\"elementor-section elementor-top-section elementor-element elementor-element-ebb7255 elementor-section-boxed elementor-section-height-default elementor-section-height-default\" data-id=\"ebb7255\" data-element_type=\"section\">\n\t\t\t\t\t\t<div class=\"elementor-container elementor-column-gap-default\">\n\t\t\t\t\t<div class=\"elementor-column elementor-col-33 elementor-top-column elementor-element elementor-element-bf85dbf\" data-id=\"bf85dbf\" data-element_type=\"column\">\n\t\t\t<div class=\"elementor-widget-wrap elementor-element-populated\">\n\t\t\t\t\t\t\t\t<div class=\"elementor-element elementor-element-852c65a elementor-widget elementor-widget-image\" data-id=\"852c65a\" data-element_type=\"widget\" data-widget_type=\"image.default\">\n\t\t\t\t<div class=\"elementor-widget-container\">\n\t\t\t\t\t\t\t\t\t\t\t\t\t\t\t<img loading=\"lazy\" decoding=\"async\" width=\"768\" height=\"1024\" src=\"https:\/\/auxvieuxfours.com\/wp-content\/uploads\/2023\/02\/La-douche-768x1024.jpg\" class=\"attachment-large size-large\" alt=\"\" srcset=\"https:\/\/auxvieuxfours.com\/wp-content\/uploads\/2023\/02\/La-douche-768x1024.jpg 768w, https:\/\/auxvieuxfours.com\/wp-content\/uploads\/2023\/02\/La-douche-225x300.jpg 225w, https:\/\/auxvieuxfours.com\/wp-content\/uploads\/2023\/02\/La-douche-1152x1536.jpg 1152w, https:\/\/auxvieuxfours.com\/wp-content\/uploads\/2023\/02\/La-douche-1536x2048.jpg 1536w, https:\/\/auxvieuxfours.com\/wp-content\/uploads\/2023\/02\/La-douche-scaled.jpg 1920w\" sizes=\"auto, (max-width: 768px) 100vw, 768px\" \/>\t\t\t\t\t\t\t\t\t\t\t\t\t\t\t<\/div>\n\t\t\t\t<\/div>\n\t\t\t\t\t<\/div>\n\t\t<\/div>\n\t\t\t\t<div class=\"elementor-column elementor-col-33 elementor-top-column elementor-element elementor-element-cb66d61\" data-id=\"cb66d61\" data-element_type=\"column\">\n\t\t\t<div class=\"elementor-widget-wrap elementor-element-populated\">\n\t\t\t\t\t\t\t\t<div class=\"elementor-element elementor-element-5588961 elementor-widget elementor-widget-image\" data-id=\"5588961\" data-element_type=\"widget\" data-widget_type=\"image.default\">\n\t\t\t\t<div class=\"elementor-widget-container\">\n\t\t\t\t\t\t\t\t\t\t\t\t\t\t\t<img loading=\"lazy\" decoding=\"async\" width=\"768\" height=\"1024\" src=\"https:\/\/auxvieuxfours.com\/wp-content\/uploads\/2023\/02\/IMGA0057-768x1024.jpg\" class=\"attachment-large size-large\" alt=\"\" srcset=\"https:\/\/auxvieuxfours.com\/wp-content\/uploads\/2023\/02\/IMGA0057-768x1024.jpg 768w, https:\/\/auxvieuxfours.com\/wp-content\/uploads\/2023\/02\/IMGA0057-225x300.jpg 225w, https:\/\/auxvieuxfours.com\/wp-content\/uploads\/2023\/02\/IMGA0057-1152x1536.jpg 1152w, https:\/\/auxvieuxfours.com\/wp-content\/uploads\/2023\/02\/IMGA0057-1536x2048.jpg 1536w, https:\/\/auxvieuxfours.com\/wp-content\/uploads\/2023\/02\/IMGA0057-scaled.jpg 1920w\" sizes=\"auto, (max-width: 768px) 100vw, 768px\" \/>\t\t\t\t\t\t\t\t\t\t\t\t\t\t\t<\/div>\n\t\t\t\t<\/div>\n\t\t\t\t\t<\/div>\n\t\t<\/div>\n\t\t\t\t<div class=\"elementor-column elementor-col-33 elementor-top-column elementor-element elementor-element-2b3d541\" data-id=\"2b3d541\" data-element_type=\"column\">\n\t\t\t<div class=\"elementor-widget-wrap elementor-element-populated\">\n\t\t\t\t\t\t\t\t<div class=\"elementor-element elementor-element-6fe8d8d elementor-widget elementor-widget-image\" data-id=\"6fe8d8d\" data-element_type=\"widget\" data-widget_type=\"image.default\">\n\t\t\t\t<div class=\"elementor-widget-container\">\n\t\t\t\t\t\t\t\t\t\t\t\t\t\t\t<img loading=\"lazy\" decoding=\"async\" width=\"768\" height=\"1024\" src=\"https:\/\/auxvieuxfours.com\/wp-content\/uploads\/2023\/02\/Salle-deau-768x1024.jpg\" class=\"attachment-large size-large\" alt=\"\" srcset=\"https:\/\/auxvieuxfours.com\/wp-content\/uploads\/2023\/02\/Salle-deau-768x1024.jpg 768w, https:\/\/auxvieuxfours.com\/wp-content\/uploads\/2023\/02\/Salle-deau-225x300.jpg 225w, https:\/\/auxvieuxfours.com\/wp-content\/uploads\/2023\/02\/Salle-deau-1152x1536.jpg 1152w, https:\/\/auxvieuxfours.com\/wp-content\/uploads\/2023\/02\/Salle-deau-1536x2048.jpg 1536w, https:\/\/auxvieuxfours.com\/wp-content\/uploads\/2023\/02\/Salle-deau-scaled.jpg 1920w\" sizes=\"auto, (max-width: 768px) 100vw, 768px\" \/>\t\t\t\t\t\t\t\t\t\t\t\t\t\t\t<\/div>\n\t\t\t\t<\/div>\n\t\t\t\t\t<\/div>\n\t\t<\/div>\n\t\t\t\t\t\t\t<\/div>\n\t\t<\/section>\n\t\t\t\t<section class=\"elementor-section elementor-top-section elementor-element elementor-element-2dbb433 elementor-section-boxed elementor-section-height-default elementor-section-height-default\" data-id=\"2dbb433\" data-element_type=\"section\">\n\t\t\t\t\t\t<div class=\"elementor-container elementor-column-gap-default\">\n\t\t\t\t\t<div class=\"elementor-column elementor-col-50 elementor-top-column elementor-element elementor-element-d998503\" data-id=\"d998503\" data-element_type=\"column\">\n\t\t\t<div class=\"elementor-widget-wrap elementor-element-populated\">\n\t\t\t\t\t\t\t\t<div class=\"elementor-element elementor-element-d614265 elementor-widget elementor-widget-image\" data-id=\"d614265\" data-element_type=\"widget\" data-widget_type=\"image.default\">\n\t\t\t\t<div class=\"elementor-widget-container\">\n\t\t\t\t\t\t\t\t\t\t\t\t<figure class=\"wp-caption\">\n\t\t\t\t\t\t\t\t\t\t<img loading=\"lazy\" decoding=\"async\" width=\"225\" height=\"300\" src=\"https:\/\/auxvieuxfours.com\/wp-content\/uploads\/2023\/02\/Vue-sur-la-terrasse-225x300.jpg\" class=\"attachment-medium size-medium\" alt=\"\" srcset=\"https:\/\/auxvieuxfours.com\/wp-content\/uploads\/2023\/02\/Vue-sur-la-terrasse-225x300.jpg 225w, https:\/\/auxvieuxfours.com\/wp-content\/uploads\/2023\/02\/Vue-sur-la-terrasse-768x1024.jpg 768w, https:\/\/auxvieuxfours.com\/wp-content\/uploads\/2023\/02\/Vue-sur-la-terrasse-1152x1536.jpg 1152w, https:\/\/auxvieuxfours.com\/wp-content\/uploads\/2023\/02\/Vue-sur-la-terrasse-1536x2048.jpg 1536w, https:\/\/auxvieuxfours.com\/wp-content\/uploads\/2023\/02\/Vue-sur-la-terrasse-scaled.jpg 1920w\" sizes=\"auto, (max-width: 225px) 100vw, 225px\" \/>\t\t\t\t\t\t\t\t\t\t\t<figcaption class=\"widget-image-caption wp-caption-text\">Vue sur la terrasse<\/figcaption>\n\t\t\t\t\t\t\t\t\t\t<\/figure>\n\t\t\t\t\t\t\t\t\t<\/div>\n\t\t\t\t<\/div>\n\t\t\t\t\t<\/div>\n\t\t<\/div>\n\t\t\t\t<div class=\"elementor-column elementor-col-50 elementor-top-column elementor-element elementor-element-01a32bb\" data-id=\"01a32bb\" data-element_type=\"column\">\n\t\t\t<div class=\"elementor-widget-wrap elementor-element-populated\">\n\t\t\t\t\t\t\t\t<div class=\"elementor-element elementor-element-aead821 elementor-widget elementor-widget-image\" data-id=\"aead821\" data-element_type=\"widget\" data-widget_type=\"image.default\">\n\t\t\t\t<div class=\"elementor-widget-container\">\n\t\t\t\t\t\t\t\t\t\t\t\t<figure class=\"wp-caption\">\n\t\t\t\t\t\t\t\t\t\t<img loading=\"lazy\" decoding=\"async\" width=\"300\" height=\"225\" src=\"https:\/\/auxvieuxfours.com\/wp-content\/uploads\/2023\/02\/vue-sur-le-jardin-300x225.jpg\" class=\"attachment-medium size-medium\" alt=\"\" srcset=\"https:\/\/auxvieuxfours.com\/wp-content\/uploads\/2023\/02\/vue-sur-le-jardin-300x225.jpg 300w, https:\/\/auxvieuxfours.com\/wp-content\/uploads\/2023\/02\/vue-sur-le-jardin-1024x768.jpg 1024w, https:\/\/auxvieuxfours.com\/wp-content\/uploads\/2023\/02\/vue-sur-le-jardin-768x576.jpg 768w, https:\/\/auxvieuxfours.com\/wp-content\/uploads\/2023\/02\/vue-sur-le-jardin-1536x1152.jpg 1536w, https:\/\/auxvieuxfours.com\/wp-content\/uploads\/2023\/02\/vue-sur-le-jardin-2048x1536.jpg 2048w\" sizes=\"auto, (max-width: 300px) 100vw, 300px\" \/>\t\t\t\t\t\t\t\t\t\t\t<figcaption class=\"widget-image-caption wp-caption-text\">Vue sur le jardin<\/figcaption>\n\t\t\t\t\t\t\t\t\t\t<\/figure>\n\t\t\t\t\t\t\t\t\t<\/div>\n\t\t\t\t<\/div>\n\t\t\t\t\t<\/div>\n\t\t<\/div>\n\t\t\t\t\t\t\t<\/div>\n\t\t<\/section>\n\t\t\t\t<section class=\"elementor-section elementor-top-section elementor-element elementor-element-cdde0f0 elementor-section-boxed elementor-section-height-default elementor-section-height-default\" data-id=\"cdde0f0\" data-element_type=\"section\">\n\t\t\t\t\t\t<div class=\"elementor-container elementor-column-gap-default\">\n\t\t\t\t\t<div class=\"elementor-column elementor-col-100 elementor-top-column elementor-element elementor-element-31f2e08\" data-id=\"31f2e08\" data-element_type=\"column\">\n\t\t\t<div class=\"elementor-widget-wrap\">\n\t\t\t\t\t\t\t\t\t<\/div>\n\t\t<\/div>\n\t\t\t\t\t\t\t<\/div>\n\t\t<\/section>\n\t\t\t\t<section class=\"elementor-section elementor-top-section elementor-element elementor-element-a5ae496 elementor-section-content-middle elementor-section-boxed elementor-section-height-default elementor-section-height-default\" data-id=\"a5ae496\" data-element_type=\"section\">\n\t\t\t\t\t\t<div class=\"elementor-container elementor-column-gap-default\">\n\t\t\t\t\t<div class=\"elementor-column elementor-col-50 elementor-top-column elementor-element elementor-element-1cbc377\" data-id=\"1cbc377\" data-element_type=\"column\">\n\t\t\t<div class=\"elementor-widget-wrap elementor-element-populated\">\n\t\t\t\t\t\t\t\t<div class=\"elementor-element elementor-element-e8fd4eb elementor-widget elementor-widget-text-editor\" data-id=\"e8fd4eb\" data-element_type=\"widget\" data-widget_type=\"text-editor.default\">\n\t\t\t\t<div class=\"elementor-widget-container\">\n\t\t\t\t\t\t\t<p><span style=\"color: #ff0000;\"><strong>TARIFS petits d\u00e9jeuners compris par nuit\u00e9e :<\/strong><\/span><\/p><ol><li><span style=\"color: #000000;\">Pour une personne :\u00a0 62 euros<\/span><\/li><li><span style=\"color: #000000;\">Pour deux personnes : 70 euros<\/span><\/li><li><span style=\"color: #000000;\">taxe de s\u00e9jour : 1.05 euros par adultes et par nuit<\/span><\/li><\/ol>\t\t\t\t\t\t<\/div>\n\t\t\t\t<\/div>\n\t\t\t\t\t<\/div>\n\t\t<\/div>\n\t\t\t\t<div class=\"elementor-column elementor-col-50 elementor-top-column elementor-element elementor-element-773e059\" data-id=\"773e059\" data-element_type=\"column\">\n\t\t\t<div class=\"elementor-widget-wrap elementor-element-populated\">\n\t\t\t\t\t\t\t\t<div class=\"elementor-element elementor-element-7fd2236 elementor-widget elementor-widget-text-editor\" data-id=\"7fd2236\" data-element_type=\"widget\" data-widget_type=\"text-editor.default\">\n\t\t\t\t<div class=\"elementor-widget-container\">\n\t\t\t\t\t\t\t<p>Pour un s\u00e9jour de plus de 4 nuits, me contacter.<\/p><p>Moyens de paiement : esp\u00e8ces, virements ou CB<\/p>\t\t\t\t\t\t<\/div>\n\t\t\t\t<\/div>\n\t\t\t\t\t<\/div>\n\t\t<\/div>\n\t\t\t\t\t\t\t<\/div>\n\t\t<\/section>\n\t\t\t\t\t\t\t<\/div>\n\t\t","protected":false},"excerpt":{"rendered":"<p>La chambres d&rsquo;h\u00f4tes pour 2 personnes Vous acc\u00e9derez \u00e0 la chambre par une entr\u00e9e qui donne directement acc\u00e8s \u00e0 l&rsquo;escalier desservant la chambre et la suite. Vous pourrez donc aller et venir \u00e0 votre aise. La chambre de 22 m2\u00a0 dispose\u00a0 de sa propre salle d&rsquo;eau \u00e9quip\u00e9e d&rsquo;une douche, d&rsquo;un meuble vasque et des WC [&hellip;]<\/p>\n","protected":false},"author":1,"featured_media":0,"parent":120,"menu_order":1,"comment_status":"closed","ping_status":"closed","template":"","meta":{"om_disable_all_campaigns":false,"_mi_skip_tracking":false,"site-sidebar-layout":"no-sidebar","site-content-layout":"page-builder","ast-site-content-layout":"default","site-content-style":"default","site-sidebar-style":"default","ast-global-header-display":"","ast-banner-title-visibility":"","ast-main-header-display":"","ast-hfb-above-header-display":"","ast-hfb-below-header-display":"","ast-hfb-mobile-header-display":"","site-post-title":"disabled","ast-breadcrumbs-content":"","ast-featured-img":"disabled","footer-sml-layout":"","theme-transparent-header-meta":"","adv-header-id-meta":"","stick-header-meta":"","header-above-stick-meta":"","header-main-stick-meta":"","header-below-stick-meta":"","astra-migrate-meta-layouts":"default","ast-page-background-enabled":"default","ast-page-background-meta":{"desktop":{"background-color":"var(--ast-global-color-4)","background-image":"","background-repeat":"repeat","background-position":"center center","background-size":"auto","background-attachment":"scroll","background-type":"","background-media":"","overlay-type":"","overlay-color":"","overlay-opacity":"","overlay-gradient":""},"tablet":{"background-color":"","background-image":"","background-repeat":"repeat","background-position":"center center","background-size":"auto","background-attachment":"scroll","background-type":"","background-media":"","overlay-type":"","overlay-color":"","overlay-opacity":"","overlay-gradient":""},"mobile":{"background-color":"","background-image":"","background-repeat":"repeat","background-position":"center center","background-size":"auto","background-attachment":"scroll","background-type":"","background-media":"","overlay-type":"","overlay-color":"","overlay-opacity":"","overlay-gradient":""}},"ast-content-background-meta":{"desktop":{"background-color":"var(--ast-global-color-5)","background-image":"","background-repeat":"repeat","background-position":"center center","background-size":"auto","background-attachment":"scroll","background-type":"","background-media":"","overlay-type":"","overlay-color":"","overlay-opacity":"","overlay-gradient":""},"tablet":{"background-color":"var(--ast-global-color-5)","background-image":"","background-repeat":"repeat","background-position":"center center","background-size":"auto","background-attachment":"scroll","background-type":"","background-media":"","overlay-type":"","overlay-color":"","overlay-opacity":"","overlay-gradient":""},"mobile":{"background-color":"var(--ast-global-color-5)","background-image":"","background-repeat":"repeat","background-position":"center center","background-size":"auto","background-attachment":"scroll","background-type":"","background-media":"","overlay-type":"","overlay-color":"","overlay-opacity":"","overlay-gradient":""}},"footnotes":""},"class_list":["post-126","page","type-page","status-publish","hentry"],"aioseo_notices":[],"_links":{"self":[{"href":"https:\/\/auxvieuxfours.com\/index.php?rest_route=\/wp\/v2\/pages\/126","targetHints":{"allow":["GET"]}}],"collection":[{"href":"https:\/\/auxvieuxfours.com\/index.php?rest_route=\/wp\/v2\/pages"}],"about":[{"href":"https:\/\/auxvieuxfours.com\/index.php?rest_route=\/wp\/v2\/types\/page"}],"author":[{"embeddable":true,"href":"https:\/\/auxvieuxfours.com\/index.php?rest_route=\/wp\/v2\/users\/1"}],"replies":[{"embeddable":true,"href":"https:\/\/auxvieuxfours.com\/index.php?rest_route=%2Fwp%2Fv2%2Fcomments&post=126"}],"version-history":[{"count":46,"href":"https:\/\/auxvieuxfours.com\/index.php?rest_route=\/wp\/v2\/pages\/126\/revisions"}],"predecessor-version":[{"id":591,"href":"https:\/\/auxvieuxfours.com\/index.php?rest_route=\/wp\/v2\/pages\/126\/revisions\/591"}],"up":[{"embeddable":true,"href":"https:\/\/auxvieuxfours.com\/index.php?rest_route=\/wp\/v2\/pages\/120"}],"wp:attachment":[{"href":"https:\/\/auxvieuxfours.com\/index.php?rest_route=%2Fwp%2Fv2%2Fmedia&parent=126"}],"curies":[{"name":"wp","href":"https:\/\/api.w.org\/{rel}","templated":true}]}}